{"id":49,"date":"2025-04-14T09:03:26","date_gmt":"2025-04-14T07:03:26","guid":{"rendered":"https:\/\/designigel.com\/vlavius\/?page_id=49"},"modified":"2025-05-29T14:59:17","modified_gmt":"2025-05-29T12:59:17","slug":"eins","status":"publish","type":"page","link":"https:\/\/designigel.com\/vlavius\/eins\/","title":{"rendered":"eins"},"content":{"rendered":"\t\t<div data-elementor-type=\"wp-page\" data-elementor-id=\"49\" class=\"elementor elementor-49\">\n\t\t\t\t\t\t<section class=\"elementor-section elementor-top-section elementor-element elementor-element-ce43cc7 elementor-section-boxed elementor-section-height-default elementor-section-height-default\" data-id=\"ce43cc7\" data-element_type=\"section\" data-e-type=\"section\">\n\t\t\t\t\t\t<div class=\"elementor-container elementor-column-gap-default\">\n\t\t\t\t\t<div class=\"elementor-column elementor-col-100 elementor-top-column elementor-element elementor-element-fe5988c\" data-id=\"fe5988c\" data-element_type=\"column\" data-e-type=\"column\">\n\t\t\t<div class=\"elementor-widget-wrap elementor-element-populated\">\n\t\t\t\t\t\t<div class=\"elementor-element elementor-element-08f3fd9 elementor-widget elementor-widget-heading\" data-id=\"08f3fd9\" data-element_type=\"widget\" data-e-type=\"widget\" data-widget_type=\"heading.default\">\n\t\t\t\t<div class=\"elementor-widget-container\">\n\t\t\t\t\t<h2 class=\"elementor-heading-title elementor-size-default\">Meine Interessen<\/h2>\t\t\t\t<\/div>\n\t\t\t\t<\/div>\n\t\t\t\t\t<\/div>\n\t\t<\/div>\n\t\t\t\t\t<\/div>\n\t\t<\/section>\n\t\t\t\t<section class=\"elementor-section elementor-top-section elementor-element elementor-element-0ecfff9 elementor-section-boxed elementor-section-height-default elementor-section-height-default\" data-id=\"0ecfff9\" data-element_type=\"section\" data-e-type=\"section\">\n\t\t\t\t\t\t<div class=\"elementor-container elementor-column-gap-default\">\n\t\t\t\t\t<div class=\"elementor-column elementor-col-33 elementor-top-column elementor-element elementor-element-edfa246\" data-id=\"edfa246\" data-element_type=\"column\" data-e-type=\"column\">\n\t\t\t<div class=\"elementor-widget-wrap elementor-element-populated\">\n\t\t\t\t\t\t<div class=\"elementor-element elementor-element-719df62 elementor-widget elementor-widget-image\" data-id=\"719df62\" data-element_type=\"widget\" data-e-type=\"widget\" data-widget_type=\"image.default\">\n\t\t\t\t<div class=\"elementor-widget-container\">\n\t\t\t\t\t\t\t\t\t\t\t\t\t\t\t<img fetchpriority=\"high\" decoding=\"async\" width=\"1024\" height=\"1024\" src=\"https:\/\/designigel.com\/vlavius\/wp-content\/uploads\/sites\/58\/2025\/05\/d111458c-1bec-4e18-a361-adcd887d41a4.jpg\" class=\"attachment-large size-large wp-image-111\" alt=\"\" srcset=\"https:\/\/designigel.com\/vlavius\/wp-content\/uploads\/sites\/58\/2025\/05\/d111458c-1bec-4e18-a361-adcd887d41a4.jpg 1024w, https:\/\/designigel.com\/vlavius\/wp-content\/uploads\/sites\/58\/2025\/05\/d111458c-1bec-4e18-a361-adcd887d41a4-300x300.jpg 300w, https:\/\/designigel.com\/vlavius\/wp-content\/uploads\/sites\/58\/2025\/05\/d111458c-1bec-4e18-a361-adcd887d41a4-150x150.jpg 150w, https:\/\/designigel.com\/vlavius\/wp-content\/uploads\/sites\/58\/2025\/05\/d111458c-1bec-4e18-a361-adcd887d41a4-768x768.jpg 768w, https:\/\/designigel.com\/vlavius\/wp-content\/uploads\/sites\/58\/2025\/05\/d111458c-1bec-4e18-a361-adcd887d41a4-600x600.jpg 600w\" sizes=\"(max-width: 1024px) 100vw, 1024px\" \/>\t\t\t\t\t\t\t\t\t\t\t\t\t\t\t<\/div>\n\t\t\t\t<\/div>\n\t\t\t\t\t<\/div>\n\t\t<\/div>\n\t\t\t\t<div class=\"elementor-column elementor-col-33 elementor-top-column elementor-element elementor-element-9d4bd83\" data-id=\"9d4bd83\" data-element_type=\"column\" data-e-type=\"column\">\n\t\t\t<div class=\"elementor-widget-wrap elementor-element-populated\">\n\t\t\t\t\t\t<div class=\"elementor-element elementor-element-d9f6b76 elementor-widget elementor-widget-image\" data-id=\"d9f6b76\" data-element_type=\"widget\" data-e-type=\"widget\" data-widget_type=\"image.default\">\n\t\t\t\t<div class=\"elementor-widget-container\">\n\t\t\t\t\t\t\t\t\t\t\t\t\t\t\t<img decoding=\"async\" width=\"1024\" height=\"683\" src=\"https:\/\/designigel.com\/vlavius\/wp-content\/uploads\/sites\/58\/2025\/05\/ChatGPT-Image-29.-Mai-2025-14_52_23-1024x683.png\" class=\"attachment-large size-large wp-image-118\" alt=\"\" srcset=\"https:\/\/designigel.com\/vlavius\/wp-content\/uploads\/sites\/58\/2025\/05\/ChatGPT-Image-29.-Mai-2025-14_52_23-1024x683.png 1024w, https:\/\/designigel.com\/vlavius\/wp-content\/uploads\/sites\/58\/2025\/05\/ChatGPT-Image-29.-Mai-2025-14_52_23-300x200.png 300w, https:\/\/designigel.com\/vlavius\/wp-content\/uploads\/sites\/58\/2025\/05\/ChatGPT-Image-29.-Mai-2025-14_52_23-768x512.png 768w, https:\/\/designigel.com\/vlavius\/wp-content\/uploads\/sites\/58\/2025\/05\/ChatGPT-Image-29.-Mai-2025-14_52_23.png 1536w\" sizes=\"(max-width: 1024px) 100vw, 1024px\" \/>\t\t\t\t\t\t\t\t\t\t\t\t\t\t\t<\/div>\n\t\t\t\t<\/div>\n\t\t\t\t\t<\/div>\n\t\t<\/div>\n\t\t\t\t<div class=\"elementor-column elementor-col-33 elementor-top-column elementor-element elementor-element-afe9b53\" data-id=\"afe9b53\" data-element_type=\"column\" data-e-type=\"column\">\n\t\t\t<div class=\"elementor-widget-wrap elementor-element-populated\">\n\t\t\t\t\t\t<div class=\"elementor-element elementor-element-4a48a23 elementor-widget elementor-widget-image\" data-id=\"4a48a23\" data-element_type=\"widget\" data-e-type=\"widget\" data-widget_type=\"image.default\">\n\t\t\t\t<div class=\"elementor-widget-container\">\n\t\t\t\t\t\t\t\t\t\t\t\t\t\t\t<img decoding=\"async\" width=\"1023\" height=\"1023\" src=\"https:\/\/designigel.com\/vlavius\/wp-content\/uploads\/sites\/58\/2025\/05\/thumbnail_521DFB3E-3A9D-459D-BFE7-7CF082257F38-1.jpg\" class=\"attachment-large size-large wp-image-117\" alt=\"\" srcset=\"https:\/\/designigel.com\/vlavius\/wp-content\/uploads\/sites\/58\/2025\/05\/thumbnail_521DFB3E-3A9D-459D-BFE7-7CF082257F38-1.jpg 1023w, https:\/\/designigel.com\/vlavius\/wp-content\/uploads\/sites\/58\/2025\/05\/thumbnail_521DFB3E-3A9D-459D-BFE7-7CF082257F38-1-300x300.jpg 300w, https:\/\/designigel.com\/vlavius\/wp-content\/uploads\/sites\/58\/2025\/05\/thumbnail_521DFB3E-3A9D-459D-BFE7-7CF082257F38-1-150x150.jpg 150w, https:\/\/designigel.com\/vlavius\/wp-content\/uploads\/sites\/58\/2025\/05\/thumbnail_521DFB3E-3A9D-459D-BFE7-7CF082257F38-1-768x768.jpg 768w, https:\/\/designigel.com\/vlavius\/wp-content\/uploads\/sites\/58\/2025\/05\/thumbnail_521DFB3E-3A9D-459D-BFE7-7CF082257F38-1-600x600.jpg 600w\" sizes=\"(max-width: 1023px) 100vw, 1023px\" \/>\t\t\t\t\t\t\t\t\t\t\t\t\t\t\t<\/div>\n\t\t\t\t<\/div>\n\t\t\t\t\t<\/div>\n\t\t<\/div>\n\t\t\t\t\t<\/div>\n\t\t<\/section>\n\t\t\t\t<section class=\"elementor-section elementor-top-section elementor-element elementor-element-b88419e elementor-section-boxed elementor-section-height-default elementor-section-height-default\" data-id=\"b88419e\" data-element_type=\"section\" data-e-type=\"section\">\n\t\t\t\t\t\t<div class=\"elementor-container elementor-column-gap-default\">\n\t\t\t\t\t<div class=\"elementor-column elementor-col-33 elementor-top-column elementor-element elementor-element-0c7a7e8\" data-id=\"0c7a7e8\" data-element_type=\"column\" data-e-type=\"column\">\n\t\t\t<div class=\"elementor-widget-wrap elementor-element-populated\">\n\t\t\t\t\t\t<div class=\"elementor-element elementor-element-3778495 elementor-widget elementor-widget-text-editor\" data-id=\"3778495\" data-element_type=\"widget\" data-e-type=\"widget\" data-widget_type=\"text-editor.default\">\n\t\t\t\t<div class=\"elementor-widget-container\">\n\t\t\t\t\t\t\t\t\t<p><span style=\"font-family: Roboto, sans-serif;font-size: 14px;font-style: normal;font-weight: 400\">&nbsp;die Natur steht an oberster Priorit\u00e4t meiner Interessen; seit ich denken kann. Von Radfahren, \u00fcber einfaches Wandern, bis zum Zelten. Die Natur schien mir immer schon Nahe zu liegen und half mir in schwierigen Situationen, aber zugleich f\u00fchlte ich mit Geist und K\u00f6rper besonders in den Bergen immer zu Hause.&nbsp;<\/span><\/p>\t\t\t\t\t\t\t\t<\/div>\n\t\t\t\t<\/div>\n\t\t\t\t\t<\/div>\n\t\t<\/div>\n\t\t\t\t<div class=\"elementor-column elementor-col-33 elementor-top-column elementor-element elementor-element-372ef41\" data-id=\"372ef41\" data-element_type=\"column\" data-e-type=\"column\">\n\t\t\t<div class=\"elementor-widget-wrap elementor-element-populated\">\n\t\t\t\t\t\t<div class=\"elementor-element elementor-element-835dcac elementor-widget__width-initial elementor-widget elementor-widget-text-editor\" data-id=\"835dcac\" data-element_type=\"widget\" data-e-type=\"widget\" data-widget_type=\"text-editor.default\">\n\t\t\t\t<div class=\"elementor-widget-container\">\n\t\t\t\t\t\t\t\t\t<p>Sport war f\u00fcr mich immer eine M\u00f6glichkeit neue Leute kennen zu lernen, Disziplin zu verbessern und einen gesunden K\u00f6rper zu erhalten.\u00a0<\/p>\t\t\t\t\t\t\t\t<\/div>\n\t\t\t\t<\/div>\n\t\t\t\t\t<\/div>\n\t\t<\/div>\n\t\t\t\t<div class=\"elementor-column elementor-col-33 elementor-top-column elementor-element elementor-element-403a372\" data-id=\"403a372\" data-element_type=\"column\" data-e-type=\"column\">\n\t\t\t<div class=\"elementor-widget-wrap elementor-element-populated\">\n\t\t\t\t\t\t<div class=\"elementor-element elementor-element-380964a elementor-widget elementor-widget-text-editor\" data-id=\"380964a\" data-element_type=\"widget\" data-e-type=\"widget\" data-widget_type=\"text-editor.default\">\n\t\t\t\t<div class=\"elementor-widget-container\">\n\t\t\t\t\t\t\t\t\t<p>Mein Interesse am Motorsport zeigt sich schon fr\u00fch, entwickelte sich mit den Jahren dann etwas weiter. Da dieses Interesse im echten Leben nur schwer auszuleben ist, probiert man es Nat\u00fcrlich in daf\u00fcr vorgesehenen Videospielen, Dokumentationen, Vlogs und Museen.\u00a0<\/p>\t\t\t\t\t\t\t\t<\/div>\n\t\t\t\t<\/div>\n\t\t\t\t\t<\/div>\n\t\t<\/div>\n\t\t\t\t\t<\/div>\n\t\t<\/section>\n\t\t\t\t<\/div>\n\t\t","protected":false},"excerpt":{"rendered":"<p>Meine Interessen &nbsp;die Natur steht an oberster Priorit\u00e4t meiner Interessen; seit ich denken kann. Von Radfahren, \u00fcber einfaches Wandern, bis zum Zelten. Die Natur schien mir immer schon Nahe zu liegen und half mir in schwierigen Situationen, aber zugleich f\u00fchlte ich mit Geist und K\u00f6rper besonders in den Bergen immer zu Hause.&nbsp; Sport war f\u00fcr [&hellip;]<\/p>\n","protected":false},"author":57,"featured_media":0,"parent":0,"menu_order":0,"comment_status":"closed","ping_status":"closed","template":"","meta":{"ocean_post_layout":"","ocean_both_sidebars_style":"","ocean_both_sidebars_content_width":0,"ocean_both_sidebars_sidebars_width":0,"ocean_sidebar":"","ocean_second_sidebar":"","ocean_disable_margins":"enable","ocean_add_body_class":"","ocean_shortcode_before_top_bar":"","ocean_shortcode_after_top_bar":"","ocean_shortcode_before_header":"","ocean_shortcode_after_header":"","ocean_has_shortcode":"","ocean_shortcode_after_title":"","ocean_shortcode_before_footer_widgets":"","ocean_shortcode_after_footer_widgets":"","ocean_shortcode_before_footer_bottom":"","ocean_shortcode_after_footer_bottom":"","ocean_display_top_bar":"default","ocean_display_header":"default","ocean_header_style":"","ocean_center_header_left_menu":"","ocean_custom_header_template":"","ocean_custom_logo":0,"ocean_custom_retina_logo":0,"ocean_custom_logo_max_width":0,"ocean_custom_logo_tablet_max_width":0,"ocean_custom_logo_mobile_max_width":0,"ocean_custom_logo_max_height":0,"ocean_custom_logo_tablet_max_height":0,"ocean_custom_logo_mobile_max_height":0,"ocean_header_custom_menu":"","ocean_menu_typo_font_family":"","ocean_menu_typo_font_subset":"","ocean_menu_typo_font_size":0,"ocean_menu_typo_font_size_tablet":0,"ocean_menu_typo_font_size_mobile":0,"ocean_menu_typo_font_size_unit":"px","ocean_menu_typo_font_weight":"","ocean_menu_typo_font_weight_tablet":"","ocean_menu_typo_font_weight_mobile":"","ocean_menu_typo_transform":"","ocean_menu_typo_transform_tablet":"","ocean_menu_typo_transform_mobile":"","ocean_menu_typo_line_height":0,"ocean_menu_typo_line_height_tablet":0,"ocean_menu_typo_line_height_mobile":0,"ocean_menu_typo_line_height_unit":"","ocean_menu_typo_spacing":0,"ocean_menu_typo_spacing_tablet":0,"ocean_menu_typo_spacing_mobile":0,"ocean_menu_typo_spacing_unit":"","ocean_menu_link_color":"","ocean_menu_link_color_hover":"","ocean_menu_link_color_active":"","ocean_menu_link_background":"","ocean_menu_link_hover_background":"","ocean_menu_link_active_background":"","ocean_menu_social_links_bg":"","ocean_menu_social_hover_links_bg":"","ocean_menu_social_links_color":"","ocean_menu_social_hover_links_color":"","ocean_disable_title":"default","ocean_disable_heading":"default","ocean_post_title":"","ocean_post_subheading":"","ocean_post_title_style":"","ocean_post_title_background_color":"","ocean_post_title_background":0,"ocean_post_title_bg_image_position":"","ocean_post_title_bg_image_attachment":"","ocean_post_title_bg_image_repeat":"","ocean_post_title_bg_image_size":"","ocean_post_title_height":0,"ocean_post_title_bg_overlay":0.5,"ocean_post_title_bg_overlay_color":"","ocean_disable_breadcrumbs":"default","ocean_breadcrumbs_color":"","ocean_breadcrumbs_separator_color":"","ocean_breadcrumbs_links_color":"","ocean_breadcrumbs_links_hover_color":"","ocean_display_footer_widgets":"default","ocean_display_footer_bottom":"default","ocean_custom_footer_template":"","footnotes":""},"class_list":["post-49","page","type-page","status-publish","hentry","entry"],"_links":{"self":[{"href":"https:\/\/designigel.com\/vlavius\/wp-json\/wp\/v2\/pages\/49","targetHints":{"allow":["GET"]}}],"collection":[{"href":"https:\/\/designigel.com\/vlavius\/wp-json\/wp\/v2\/pages"}],"about":[{"href":"https:\/\/designigel.com\/vlavius\/wp-json\/wp\/v2\/types\/page"}],"author":[{"embeddable":true,"href":"https:\/\/designigel.com\/vlavius\/wp-json\/wp\/v2\/users\/57"}],"replies":[{"embeddable":true,"href":"https:\/\/designigel.com\/vlavius\/wp-json\/wp\/v2\/comments?post=49"}],"version-history":[{"count":16,"href":"https:\/\/designigel.com\/vlavius\/wp-json\/wp\/v2\/pages\/49\/revisions"}],"predecessor-version":[{"id":130,"href":"https:\/\/designigel.com\/vlavius\/wp-json\/wp\/v2\/pages\/49\/revisions\/130"}],"wp:attachment":[{"href":"https:\/\/designigel.com\/vlavius\/wp-json\/wp\/v2\/media?parent=49"}],"curies":[{"name":"wp","href":"https:\/\/api.w.org\/{rel}","templated":true}]}}